nder when 6669 is divided by 481?
416
Calculate the remainder when 46154 is divided by 11531.
30
What is the remainder when 623449 is divided by 47?
41
What is the remainder when 22688 is divided by 2836?
0
What is the remainder when 95201 is divided by 82?
81
What is the remainder when 17305 is divided by 4095?
925
What is the remainder when 6495 is divided by 140?
55
Calculate the remainder when 1821 is divided by 1716.
105
What is the remainder when 1053 is divided by 25?
3
What is the remainder when 21421 is divided by 59?
4
Calculate the remainder when 2764 is divided by 348.
328
What is the remainder when 88941 is divided by 51?
48
What is the remainder when 67356 is divided by 109?
103
What is the remainder when 5336 is divided by 2197?
942
Calculate the remainder when 9231 is divided by 25.
6
What is the remainder when 416021 is divided by 476?
473
What is the remainder when 106219 is divided by 526?
493
What is the remainder when 57 is divided by 23?
11
What is the remainder when 18622 is divided by 6205?
7
Calculate the remainder when 50441 is divided by 639.
599
What is the remainder when 2438967 is divided by 8?
7
Calculate the remainder when 1125 is divided by 6.
3
Calculate the remainder when 9344 is divided by 4424.
496
What is the remainder when 18743 is divided by 940?
883
Calculate the remainder when 35141 is divided by 1952.
5
Calculate the remainder when 24633 is divided by 2023.
357
Calculate the remainder when 1832 is divided by 139.
25
Calculate the remainder when 35810 is divided by 59.
56
What is the remainder when 12531 is divided by 112?
99
What is the remainder when 52712 is divided by 15?
2
Calculate the remainder when 92976 is divided by 81.
69
What is the remainder when 28904 is divided by 33?
29
What is the remainder when 13815 is divided by 1639?
703
What is the remainder when 13383 is divided by 12858?
525
What is the remainder when 6703 is divided by 1332?
43
Calculate the remainder when 2603 is divided by 242.
183
Calculate the remainder when 4285 is divided by 886.
741
What is the remainder when 1633627 is divided by 21495?
7
Calculate the remainder when 213 is divided by 66.
15
Calculate the remainder when 1276236 is divided by 94.
92
What is the remainder when 2732878 is divided by 40?
38
Calculate the remainder when 14496 is divided by 4596.
708
Calculate the remainder when 4123 is divided by 1374.
1
What is the remainder when 1683 is divided by 224?
115
Calculate the remainder when 20620 is divided by 83.
36
Calculate the remainder when 26352 is divided by 325.
27
What is the remainder when 4315 is divided by 396?
355
What is the remainder when 36335 is divided by 980?
75
Calculate the remainder when 151645 is divided by 50533.
46
Calculate the remainder when 17253 is divided by 286.
93
What is the remainder when 170272 is divided by 17026?
12
What is the remainder when 104034 is divided by 62?
60
What is the remainder when 389959 is divided by 53?
38
Calculate the remainder when 29479 is divided by 55.
54
Calculate the remainder when 19272 is divided by 6420.
12
Calculate the remainder when 628 is divided by 85.
33
What is the remainder when 746 is divided by 420?
326
Calculate the remainder when 724427 is divided by 152.
147
What is the remainder when 73229 is divided by 61?
29
What is the remainder when 14642 is divided by 60?
2
What is the remainder when 58818 is divided by 33?
12
Calculate the remainder when 34411 is divided by 638.
597
Calculate the remainder when 2362 is divided by 197.
195
Calculate the remainder when 2280 is divided by 732.
84
Calculate the remainder when 38299 is divided by 68.
15
Calculate the remainder when 533386 is divided by 13009.
17
What is the remainder when 1857881 is divided by 619288?
17
Calculate the remainder when 1277042 is divided by 55.
52
Calculate the remainder when 62598 is divided by 1228.
1198
What is the remainder when 35692 is divided by 193?
180
Calculate the remainder when 43243 is divided by 734.
671
Calculate the remainder when 4609 is divided by 224.
129
Calculate the remainder when 972 is divided by 154.
48
Calculate the remainder when 44904 is divided by 181.
16
Calculate the remainder when 1267429 is divided by 49.
44
Calculate the remainder when 440677 is divided by 110164.
21
Calculate the remainder when 18635 is divided by 137.
3
Calculate the remainder when 441579 is divided by 10.
9
What is the remainder when 46847 is divided by 192?
191
What is the remainder when 2491 is divided by 1241?
9
What is the remainder when 323646 is divided by 10?
6
Calculate the remainder when 14425 is divided by 55.
15
Calculate the remainder when 401168 is divided by 52.
40
What is the remainder when 80468 is divided by 1642?
10
What is the remainder when 363878 is divided by 63?
53
What is the remainder when 7361 is divided by 179?
22
What is the remainder when 280976 is divided by 2066?
0
What is the remainder when 77009 is divided by 277?
3
What is the remainder when 82051 is divided by 104?
99
What is the remainder when 38435 is divided by 62?
57
What is the remainder when 34283 is divided by 62?
59
Calculate the remainder when 120743 is divided by 75.
68
Calculate the remainder when 40154 is divided by 5731.
37
What is the remainder when 1821 is divided by 114?
111
What is the remainder when 113434 is divided by 978?
964
Calculate the remainder when 1840079 is divided by 33.
32
Calculate the remainder when 2509 is divided by 312.
13
What is the remainder when 7165 is divided by 521?
392
Calculate the remainder when 9901 is divided by 90.
1
What is the remainder when 4912 is divided by 1094?
536
What is the remainder when 1171671 is divided by 63?
60
Calculate the remainder when 137903 is divided by 6268.
7
What is the remainder when 236677 is divided by 583?
562
What is the remainder when 103963 is divided by 748?
739
What is the remainder when 745807 is divided by 62149?
19
What is the remainder when 8234 is divided by 8202?
32
What is the remainder when 4280934 is divided by 88?
86
What is the remainder when 16913 is divided by 798?
155
Calculate the remainder when 3168089 is divided by 245.
239
What is the remainder when 2776 is divided by 307?
13
What is the remainder when 923 is divided by 909?
14
Calculate the remainder when 14820 is divided by 3700.
20
Calculate the remainder when 257 is divided by 114.
29
What is the remainder when 560 is divided by 4?
0
Calculate the remainder when 10956076 is divided by 643.
642
Calculate the remainder when 242 is divided by 1.
0
Calculate the remainder when 77951 is divided by 38958.
35
What is the remainder when 6820569 is divided by 530?
529
What is the remainder when 2047949 is divided by 186176?
13
What is the remainder when 24088 is divided by 626?
300
What is the remainder when 91623 is divided by 30540?
3
Calculate the remainder when 40173 is divided by 31.
28
Calculate the remainder when 29614 is divided by 48.
46
Calculate the remainder when 12533 is divided by 558.
257
Calculate the remainder when 2966 is divided by 409.
103
What is the remainder when 33855 is divided by 33?
30
Calculate the remainder when 25414 is divided by 347.
83
Calculate the remainder when 3121 is divided by 1497.
127
Calculate the remainder when 94762 is divided by 246.
52
What is the remainder when 1772046 is divided by 79?
76
Calculate the remainder when 14138 is divided by 505.
503
What is the remainder when 3050 is divided by 14?
12
Calculate the remainder when 16209 is divided by 8098.
13
What is the remainder when 13909 is divided by 3338?
557
Calculate the remainder when 61663 is divided by 61176.
487
What is the remainder when 167774 is divided by 16775?
24
Calculate the remainder when 3799 is divided by 119.
110
Calculate the remainder when 6609 is divided by 673.
552
Calculate the remainder when 843 is divided by 157.
58
What is the remainder when 17403 is divided by 272?
267
Calculate the remainder when 16369 is divided by 2633.
571
What is the remainder when 14055 is divided by 14051?
4
What is the remainder when 11518 is divided by 158?
142
What is the remainder when 185986 is divided by 134?
128
Calculate the remainder when 9693 is divided by 1076.
9
Calculate the remainder when 1103 is divided by 164.
119
Wha